 = -2*m + k, 49 + 9 = 5*m + 2*b. What is the remainder when u is divided by m?
8
Let v = 922 - 780. Suppose 4*o - 381 = 263. Suppose -5*f + 19 + o = 0. What is the remainder when v is divided by f?
34
Suppose -6*y = -0*y - 318. Let u be 21/7 + (-2)/(-2). Suppose -5*t + 16 = -3*b - 32, -u*t + 5*b = -41. Calculate the remainder when y is divided by t.
8
Let g = 28258 - 28242. Calculate the remainder when 231 is divided by g.
7
Let i(x) = -x + 5 + 89*x**3 + 82*x**3 - x - 172*x**3 - 16*x**2. Calculate the remainder when 152 is divided by i(-16).
4
Suppose -4*t = -4*w + 5*w - 24, -32 = -2*w - 4*t. Let o(v) = -5 + 4*v + 2 + 9. Calculate the remainder when o(4) is divided by w.
6
Suppose -4*p - 3 = -5*q - 30, p + 6 = -3*q. Let w(g) = 73*g - 67*g - 5 - p. What is the remainder when w(10) is divided by 21?
10
Suppose 0 = -24*b + 218*b - 586839 + 75261. Calculate the remainder when b is divided by 29.
27
Suppose -2*q = y - 152, y = -4*q + 3*y + 328. Calculate the remainder when q is divided by 14.
9
Suppose p - 1679 = -29*d + 34*d, 0 = -5*p - 2*d + 8314. Calculate the remainder when p is divided by 21.
5
What is the remainder when 2688 is divided by (6/30 - 12/(-15))/((-1)/(-11))?
4
Let x = 213 - 399. Let q = -8 - x. What is the remainder when q is divided by 20?
18
Let c(p) = -63*p + 490. What is the remainder when c(4) is divided by 106?
26
Let v(a) = a**3 - 6*a**2 + 3*a. Let d = -144 + 146. Suppose -6 + d = -p. What is the remainder when v(6) is divided by p?
2
Let y = 207 + -213. Calculate the remainder when 245 is divided by ((-148)/12 - -2)*1*y.
59
Let c(x) = -x**3 - x**2 + 4*x + 6. Calculate the remainder when 235 is divided by c(-4).
7
Let f = -200 + 301. Suppose 2*j - 100 = -2*s, 16*j - 21*j + 270 = s. What is the remainder when f is divided by j?
46
Suppose 967*y - 985*y = -126. What is the remainder when 860 is divided by y?
6
Let a(x) = x**3 + 13*x**2 + 25*x + 37. Let m be a(-11). Suppose -17*v = m*v - 735. What is the remainder when 83 is divided by v?
13
Let c = -287 + 284. Let u(i) = -30*i - 47. What is the remainder when 81 is divided by u(c)?
38
Calculate the remainder when (-1)/(-1)*(205 - -29)/((-4)/(-2)) is divided by 46.
25
Suppose 0 = 138*y - 139*y + 62. Let q(s) = s - 7. Let h be q(4). Calculate the remainder when 49 is divided by h - (y/(-2) - (0 - 0)).
21
Let p = 147 + -155. Let x(b) = 2*b**2 + 12*b - 7. Calculate the remainder when (98/(-8))/(3/(-12)) is divided by x(p).
24
Suppose -17*h - 19987 = -28*h. Suppose h = -10*i + 33*i. What is the remainder when i is divided by 10?
9
Let f(r) = -5*r - 36. Let x be f(-8). Suppose b - q - 10 = 0, -3*q = q - x. What is the remainder when 41 is divided by b?
8
Suppose 0 = -d + 5*c + 15, 16 = 2*d - 4*c - 32. Let z = -12 + d. Calculate the remainder when z is divided by 3.
0
Let g(w) = -7*w - 59. Let s be g(-9). Suppose -12*l + 14*l - 576 = -2*u, 0 = -s*l - 12. Let t = u - 178. What is the remainder when t is divided by 13?
9
Suppose y + k = 21, -k = -19*y + 24*y - 101. Suppose 0 = 428*h - 433*h + 595. What is the remainder when h is divided by y?
19
Suppose 3*c + 4*o = 375, -10*c + 493 = -6*c + 3*o. What is the remainder when 377 is divided by c?
14
Let m be 0 + (-7 - -10)/(0 - -1). Suppose -2*k + m*d = -40, -k + 5*d - 20 = -2*k. Calculate the remainder when 86 is divided by ((90/4)/((-15)/k))/(-2).
11
Suppose -3*n + 59 - 38 = 0. Suppose -k + w = -33, -137 = -n*k + 2*k - 2*w. What is the remainder when 81 is divided by k?
23
Suppose -3*g + 4*u = 2*g - 57, 2*g - 12 = -2*u. Suppose -g*w + 12*w = 144. What is the remainder when w is divided by 13?
9
Let w be (2/(-3))/(((-7)/147)/(-1)). Let v be ((-10)/6)/(w/(-84)). What is the remainder when 242 is divided by -14*(74/(-20) - 2/v)?
46
Suppose -3*f + 119 = -187. What is the remainder when f is divided by 18 + 5*((-6)/2)/(265/53)?
12
Let f be (18/36)/(1/(-6)). Let c = -65 + 105. What is the remainder when (2 + f)/((-17)/1989) is divided by c?
37
Suppose -9*l + 2124 = -0*l. Let s = 319 - l. What is the remainder when s is divided by 12?
11
Let k be 74 + (-3)/(-1) + -1. Let x = 77 - k. Calculate the remainder when 105 is divided by (2 - -22) + (3 + 0)*x.
24
Let j(y) be the second derivative of y**4/3 + y**3/2 - 5*y**2/2 - 124*y. Let z be -2*1*(-3)/(-2). What is the remainder when j(z) is divided by 12?
10
Suppose 39*s - 74*s = -52*s + 4267. Calculate the remainder when s is divided by 98.
55
Let z be 10/15*9 + (-2)/2. Suppose -r + 20 = 3*r - 3*n, 4*n + 24 = z*r. What is the remainder when 78 is divided by r?
6
Calculate the remainder when 154 is divided by (7 - 2)*(4/(-22) - 1188/(-1210)).
2
Let x(c) = 33*c + 177. What is the remainder when x(0) is divided by 15?
12
Suppose 3*y = 6*y - 396. Let f(i) = -i**2 - 5*i + 9. Let z be f(-6). Suppose 27 = z*b - 2*b. What is the remainder when y is divided by b?
24
Suppose 3*n + 186 = 5*w - 50, -3*n - 6 = 0. What is the remainder when w is divided by ((-7)/(-3))/((-287)/(-3444))?
18
Suppose 6*m - 80 = 2*m + 2*z, 0 = -4*m - 5*z + 108. Suppose -9*u = -m*u + 221. Calculate the remainder when 91 is divided by u.
6
Let h = -300 - -432. Calculate the remainder when 269 is divided by h.
5
Let s be (1 - 1)/(-1*2). Suppose -t + s + 21 = 0. Calculate the remainder when 2/31 - (-1314744)/21576 is divided by t.
19
What is the remainder when 124 is divided by -6*(-207)/(-72)*-4?
55
What is the remainder when 16/1 + (20 - -567) is divided by 46?
5
Let q = -5300 - -5313. Calculate the remainder when 24 is divided by q.
11
Let m = 26 - -12. Suppose 4*c = 3*c. Suppose c = -263*d + 266*d - 453. What is the remainder when d is divided by m?
37
Let g = -41 - -61. Let d = 28 - 6. Calculate the remainder when (-310)/4*(-16)/g is divided by d.
18
What is the remainder when 1811 is divided by (-10 + 13)/((-261)/45 - -6)?
11
Suppose g - 4*u = -4 - 6, -4*g + 14 = 2*u. Let c(a) = 3*a**3 - 2. Calculate the remainder when 83 is divided by c(g).
17
Suppose 2301 - 596 = 4*h + 5*d, -4*d - 12 = 0. Calculate the remainder when h is divided by 29.
24
Suppose 6*j - 54*j + 10043 = 3947. Calculate the remainder when j is divided by 78.
49
Let t = -4610 + 4626. Calculate the remainder when 655 is divided by t.
15
Suppose -6660 = -51*p + 21*p. What is the remainder when p is divided by 20?
2
Let k = 54972 + -54964. What is the remainder when 7/((-14)/(-36)) + -2 is divided by k?
0
Let g = -9332 + 9799. Calculate the remainder when g is divided by 46.
7
Suppose -129*z = 66*z - 10335. What is the remainder when 2568 is divided by z?
24
Let t = 81 + -52. Let s = t - -9. Calculate the remainder when s is divided by (4 - -4*3) + -3.
12
Let t(l) = l**3 + 3*l + 211. Let o be t(0). Let z = o - 204. What is the remainder when 48 is divided by z?
6
Let v = 61 + -61. Let l be (v - -33) + (-3 + 7 - 2). Suppose 31*i + 28 = l*i. What is the remainder when 23 is divided by i?
2
Let g(b) = 614*b + 478. What is the remainder when g(11) is divided by 20?
12
Let g(n) = -10*n**3 - 59*n**2 + 18*n + 105. Calculate the remainder when 2055 is divided by g(-6).
9
Suppose 5*n + 702 = 3*z, 68*z - 5*n + 732 = 71*z. What is the remainder when z is divided by 25?
14
Let v = 18435 - 18135. What is the remainder when 3597 is divided by v?
297
Suppose -15*u = 298 - 913. What is the remainder when u is divided by 14734/954 - (-8)/(-18)?
11
Let x = 4 + 21. Let t(k) = 38*k + 503. What is the remainder when x is divided by t(-13)?
7
Let o(g) = g**3 + 14*g**2 + 22*g + 23. Let s be o(-8). Suppose 0 = 6*p - s + 105. What is the remainder when 89 is divided by p?
5
Suppose 5*o = 47*z - 49*z + 66, -2*z = 3*o - 50. What is the remainder when 6637 is divided by z?
7
Let c(g) = -g**3 + 4*g**2 - 5*g + 2. Let p be c(3). Let q(b) = 14802 - 8*b + b - 14796. Calculate the remainder when q(p) is divided by 9.
7
Suppose w - 56*g - 53 = -52*g, -2*w = 5*g - 184. Calculate the remainder when w is divided by 224/7 + -4*1.
21
Suppose 6*b + 3*b = 216. Let k = -1418 + 1008. What is the remainder when (k/(-5) - 0)*1 is divided by b?
10
Let v = 976 - 884. Suppose 4*n + 4*l = 252, 3*n + 41 - 229 = -2*l. What is the remainder when v is divided by (2 - 6)*n/(-8)?
30
Let w(i) = 18 + 3*i + 45 - 18 + 10. What is the remainder when w(15) is divided by 26?
22
Let k(p) = -p**3 - 3*p**2 - p + 7. Calculate the 